 16*j + 35. Let n(y) be the first derivative of q(y). What is n(-5)?
1
Let b(r) = -7*r**2 + r + 1. Let m(o) = o**2 - o - 1. Let d(a) = a**2 - 13*a + 24. Let h be d(10). Let t(l) = h*m(l) - b(l). Let p = 7 - 11. What is t(p)?
1
Let g = -1 + 5. Suppose 4*v = -4*h + 40, -v + 16 = 4*h - 3*v. Let o(u) = 3*u**2 - 2*u**2 + 2 + 0*u**2 - h*u. Determine o(g).
-6
Let a(o) be the second derivative of -o**4/12 - 2*o**3/3 - 3*o**2/2 - 61*o. Give a(-5).
-8
Let g(y) = 131 + 0*y**3 - 7*y**2 + 3*y**2 - 68 + y**3 - 61 - 8*y. Calculate g(6).
26
Let h(r) = 4*r**3 - 5*r**2 - 7*r - 1. Let z(s) = 12*s**3 - 14*s**2 - 20*s - 3. Let l(x) = 17*h(x) - 6*z(x). Suppose 1 - 3 = 2*f. Give l(f).
3
Let d(o) = o - 1. Let w(x) = -2*x. Let n(z) = -3*d(z) - 4*w(z). Let p = 606 - 608. Calculate n(p).
-7
Let t(u) be the third derivative of -u**5/60 + u**4/4 + u**3/3 - 4*u**2 + 24. Give t(6).
2
Let s be -2 - -2 - (-1 - 1). Let o(q) = -3*q + 0*q + 2 + q**2 + q**2 + 1. Calculate o(s).
5
Let l(v) = -v**3 - v**2 + 8*v - 3. Let p be l(-4). Let a(o) = o**2 - 15*o + 2. Determine a(p).
-24
Let x(u) = 2 - 6*u**3 - u + 2*u + 5*u**2 + 5*u**3 - 2*u. Let w(k) = k**3 + 2*k**2 - 3*k + 4. Let i be w(-3). Let t be (20/8)/(2/i). Give x(t).
-3
Let j(w) = -6*w - 1. Let a(q) = 37 + 5*q - 37. Let o(k) = -3*a(k) - 2*j(k). Give o(2).
-4
Let o(u) = u**2 - 2*u + 4. Let a(m) = -5 - 14 + m - 3*m - 6. Let b be a(-14). Determine o(b).
7
Suppose 0 = -19*y + 110 + 80. Suppose y = -6*w - 20. Let x(p) = -p**3 - 5*p**2 + 3*p + 2. Give x(w).
-13
Let h(t) be the first derivative of 5/2*t**2 - 2*t + 1/3*t**3 + 6. Calculate h(-6).
4
Let b(s) = -2*s**2 - 6*s - 1. Let x(z) = -z**2. Let a(v) = b(v) - 3*x(v). Let w be 64/10 - (-22)/(-55). Determine a(w).
-1
Let v(l) = l. Let p(k) = 6*k. Let w(h) = -p(h) + 5*v(h). Suppose 6 = -4*q + 10. Let j(r) = 21*r. Let d(x) = q*j(x) + 15*w(x). Calculate d(1).
6
Suppose 2*o - 22 = 4*h, 6*o + 2 = 3*o - h. Let r(v) = o + 3 - 4 + v. Let s be 3 - (-7 + 2) - 2. Give r(s).
6
Suppose 3 = 5*m - 2. Let u(z) = 8*z - 7*z + 0*z + 3*z**3. Determine u(m).
4
Let y(l) = l + 1. Let u = -19 - -11. Let k(q) = q + 4. Let t be k(u). Let o be (-3)/6 - 2/t. What is y(o)?
1
Let j = 66 + -62. Let p(c) = -3*c - 11 - 4 + j*c + 16 - 2*c**2. Let h be (6/3)/(-2) - -4. Give p(h).
-14
Let x(i) = -i**2 - 3*i - 2. Suppose -j - 4*j - 60 = 0. Let q be (-4)/j*(-7)/((-14)/(-12)). Determine x(q).
0
Let s be ((1 - -1) + 1)/(21/28). Suppose -2*u + 8 = 0, s*u + 14 + 0 = 5*n. Let t(k) = -2*k + 7. Determine t(n).
-5
Let q be 2/3*1*1197/266. Let i(h) = -17*h - 4. Give i(q).
-55
Let w(i) = -9*i**3 + 10*i**2 + 24*i + 1. Let d(y) = 5*y**3 - 6*y**2 - 14*y - 1. Let z(c) = 7*d(c) + 4*w(c). Give z(-3).
12
Let b(w) = -4 - 6*w**2 + 2*w**3 - 1 + w - w**3. Let u be 3*9/(-54)*-12. Give b(u).
1
Let f(m) be the second derivative of -m + 1/2*m**3 + 0 + 5/2*m**2. Let t = 11 + -16. Determine f(t).
-10
Let k(s) be the third derivative of -s**6/360 + s**5/60 - s**4/8 + 5*s**3/6 - 2*s**2. Let d(t) be the first derivative of k(t). Suppose 3*y = 7 - 1. Give d(y).
-3
Let u(k) = 1. Let m(a) = a - 6. Let x(o) = -m(o) - 5*u(o). Give x(-1).
2
Let y(q) = -4*q + 7*q - 6*q - 17 + 4*q. Let u be y(20). Let h(x) = x**2 - x - 1. Determine h(u).
5
Let t(j) = 2*j - 114 - 109 + 245. What is t(-12)?
-2
Let z(v) = 3*v**3 + 5*v**2 - 3*v + 3. Let n = 61 - 64. Let m(a) = -4*a**3 - 5*a**2 + 4*a - 3. Let o(s) = n*z(s) - 2*m(s). Calculate o(-5).
-8
Let d(i) = i**2 - 8*i + 5. Let a be d(8). Suppose 14 = 4*k - 6. Suppose 2*c + k = -a. Let l(h) = 3*h + 7. What is l(c)?
-8
Suppose -3 = -2*g - 5. Let l(j) = -1. Let q(i) = i + 12. Let r(b) = g*q(b) - 2*l(b). Give r(-7).
-3
Let m(q) be the first derivative of -q**4/4 - 13*q**3/3 - q**2/2 - 2*q + 78. What is m(-13)?
11
Let h(w) = 6*w + 51. Let s(a) = 3. Let f(i) = -h(i) + 18*s(i). Determine f(4).
-21
Let y(n) = 3 - 6 - n + 1. Let x(b) = -35*b - 800. Let u be x(-23). Calculate y(u).
-7
Let j(r) = -18*r + 47*r - 22*r. Suppose -w = -5*x + 7, 5*w - 4*x - 7 = -21. What is j(w)?
-14
Let q(a) = 3*a**2 - 6*a + 7. Let u be q(3). Suppose 91 = -15*z + u. Let t(p) = -p - 9. Give t(z).
-4
Suppose -8 = -4*f, q - 3*f = f + 8. Let j = q + -16. Let x be -4 + 1 - (1 - j). Let k(l) = -2*l - 6. Give k(x).
2
Let y(o) be the first derivative of -o**4/4 + o**3/3 + o**2 + 1. Suppose -10*d + 5*d + 32 = n, -n = -2*d - 46. Suppose 9*q = -12*q + n. Calculate y(q).
0
Let d(l) = 11*l**3 + 11*l**2 - 2*l - 11. Let j(p) = 19*p**3 + 21*p**2 - 4*p - 21. Let h(s) = 7*d(s) - 4*j(s). Give h(6).
-17
Let p(b) = b - 3. Let s(n) be the first derivative of n**3/3 + 7*n**2/2 - n + 8. Let f be s(-7). Let y be f/((-2)/(-18)*-3). What is p(y)?
0
Let i(t) = 3*t**2 + 2*t + 1. Let m(v) = -v + 1. Let k be (2 - 0) + 1 + -1. Let p be m(k). Determine i(p).
2
Let i(x) be the first derivative of -x**5/120 - x**4/6 - 7*x**3 - 11. Let r(j) be the third derivative of i(j). Determine r(-6).
2
Let t(j) = 2*j**2 - 6*j - 16. Let h(r) = -r - 4. Let n(q) = -3*h(q) + t(q). Let f(x) = -x**3 + 6*x**2 + x - 3. Let o be f(6). Determine n(o).
5
Let f(c) = -3*c + 21. Let w(q) = -2*q + 9. Let o(t) = -2*f(t) + 5*w(t). What is o(-3)?
15
Let b(s) = -s**2 - 35*s. Let v(i) = i**2 + 30*i. Let a(z) = 4*b(z) + 5*v(z). Give a(-12).
24
Let a(f) = f**3 + 3*f**2 + f. Let h = 2 + 1. Suppose -h*q = q. Suppose q = -3*k - 6. Calculate a(k).
2
Let p(k) = 11*k + 1. Let t be (-24)/(-84) + 18/(-14). Let l be (-12 - 0)*-1 - t. Let u = l - 14. Determine p(u).
-10
Let u(v) = -3 + 2 + 4 + 2*v + 2. Give u(-8).
-11
Let h(a) = -4 - 12*a**3 + 0*a + 11*a**3 - a - 4*a**2. Let q be 1 - (-1 - (-9 + 3)). Calculate h(q).
0
Let v(u) = u + 10*u**3 + 3 - 281*u**2 - 4 + 280*u**2 - 8*u**3. Determine v(2).
13
Let r(m) = 14*m + 2. Let u(z) = 9*z + 1. Let o(l) = -5*r(l) + 8*u(l). Let v(b) = b**3 - b**2 - b + 1. Let g be (-5 - -3)*(-1)/1. Let x be v(g). What is o(x)?
4
Let q(b) = -b**3 + 3*b**2 - b + 2. Let z be (-2)/((-1)/(5 - 0)). Suppose 7*g + 6 = z*g. Give q(g).
4
Let t = 11 - 9. Let c(f) be the third derivative of 0 - 7*f**2 - 1/2*f**3 + 1/6*f**4 - 1/120*f**6 + 0*f + 0*f**5. What is c(t)?
-3
Suppose 3*t - 6*t + 77 = -h, 2*t - 3*h - 56 = 0. Let k = -30 + t. Let j(q) = 3*q. Calculate j(k).
-15
Let h(y) = 5*y**2 + 20 + 212*y - 7*y**2 + y**2 - 205*y. What is h(9)?
2
Let v(d) = -1 + d**2 - 3889*d + 12*d**3 + 3889*d. Let t = 8 - 6. Suppose -6*l + 4 = -t*l. What is v(l)?
12
Suppose p + 5*t = 4*p - 15, 5*t = p - 5. Suppose -20 = -3*v + 4*l - 0*l, 5*v + 5*l - 10 = 0. Let w(n) = 5*n**2 - 4*n**2 - v*n - 6 - n. Determine w(p).
-6
Let l(p) be the third derivative of -p**6/120 + 7*p**5/60 + p**4/4 - 14*p**2. Calculate l(7).
42
Let g(o) = 147768*o + 3*o**2 - 147773*o - 2*o**2 - 6. Let l(z) = -z**2 + 7*z - 1. Let k be l(6). Calculate g(k).
-6
Suppose -2*n + 25 = -5*j - 0*j, 2*j - n = -11. Let o(z) = 4*z + 2. Calculate o(j).
-10
Let h(b) = -6*b - 22. Suppose -4*z - 9*r = -12*r + 22, 4*z - 2*r = -20. Calculate h(z).
2
Let d be 0*(-6)/(-48)*(-3 - (-68)/12). Let j(k) = 8*k - 25. Let t(h) = 7*h - 24. Let l(w) = 6*j(w) - 7*t(w). Determine l(d).
18
Let k(p) = -36 - 45 + 27 - 2*p. Calculate k(-28).
2
Let d(q) be the third derivative of -q**5/60 - q**4/3 - q**3/3 + 7*q**2. Let k be (-2)/2 - (12 + (-11 - -6)). Calculate d(k).
-2
Let r(i) = i + 3. Suppose -2*x + 4*l + 11 = -15, -5*x + 4*l + 83 = 0. Let t = x + -14. What is r(t)?
8
Let f(i) = -i**3 - 10*i**2 + 11*i - 8. Let h(u) = -u**3 - 11*u**2 + 12*u - 9. Suppose 53*z = 50*z - 15. Let l(p) = z*f(p) + 4*h(p). Give l(-7).
4
Let n(u) = 4*u**2 + 6*u - 1. Let k(i) = -8*i**2 - 14*i + 1. Let h(z) = 2*k(z) + 5*n(z). What is h(-3)?
27
Let c(s) = 9*s + 4. Let q(u) = 7*u + 4. Let h(a) = 3*c(a) - 4*q(a). What is h(-1)?
-3
Let x = 12 - 9. Let j(a) be the second derivative of -a**3/6 + 2*a**2 + 6*a. What is j(x)?
1
Let v(l) = -14*l + 10 + 18 + 7*l + 5*l. Let u be v(16). Let o(k) be the first derivative of -k**3/3 - 2*k**2 + 4*k + 2. Determine o(u).
4
Suppose -6*c + c + 15 = 0. Suppose 0 = -c*f - 6 - 0. Let j = -8 - f. Let m(g) = g**2 + 7*g + 2. Calculate m(j).
-4
Let o(x) = -32*x - 1. Let m be 2/(-5 - -1)*(9 - 7). Calculate o(m).
31
Let l(y) = -3*y**3 + 8*y**2 - 8*y - 2. Let t(i) = -2*i**3 + 6*i**2 - 8*i - 2. Let n(d) = -3*l(d) + 4*t(d). Determine n(3).
1
Let f = -67 - -79. Let q(s) = s**3 - 11*s**2 - 12*s + 5. Let n be q(f). Le